t is the highest common factor of 12093 and 1668?
417
What is the greatest common divisor of 26 and 26?
26
Calculate the greatest common divisor of 4581 and 12.
3
Calculate the highest common divisor of 124 and 1643.
31
What is the highest common factor of 238 and 41293?
119
What is the highest common divisor of 2120 and 160?
40
Calculate the greatest common divisor of 39 and 39.
39
Calculate the greatest common factor of 38 and 14269.
19
What is the highest common factor of 22 and 418?
22
Calculate the greatest common divisor of 2454 and 6.
6
Calculate the highest common divisor of 208 and 676.
52
What is the greatest common factor of 16 and 640?
16
Calculate the highest common factor of 384 and 24.
24
Calculate the greatest common factor of 12 and 2984.
4
What is the highest common divisor of 16500 and 3?
3
What is the greatest common divisor of 2 and 4286?
2
Calculate the highest common factor of 88 and 1078.
22
Calculate the greatest common factor of 4688 and 48.
16
Calculate the greatest common factor of 7 and 16751.
7
What is the highest common divisor of 1687 and 7?
7
Calculate the highest common factor of 208 and 364.
52
Calculate the highest common divisor of 160 and 10.
10
What is the highest common divisor of 38 and 4?
2
Calculate the greatest common factor of 190 and 2736.
38
Calculate the greatest common factor of 21 and 1008.
21
Calculate the highest common divisor of 416 and 1872.
208
What is the highest common divisor of 28 and 84?
28
What is the highest common factor of 1073 and 928?
29
Calculate the greatest common factor of 99 and 110.
11
What is the highest common factor of 3650 and 150?
50
What is the greatest common divisor of 12 and 138?
6
What is the greatest common divisor of 138 and 460?
46
Calculate the highest common factor of 220 and 40.
20
What is the greatest common divisor of 86 and 5934?
86
What is the greatest common divisor of 4984 and 88?
8
Calculate the highest common divisor of 378 and 126.
126
Calculate the greatest common factor of 6 and 6933.
3
What is the highest common factor of 222 and 74?
74
Calculate the highest common divisor of 8 and 188.
4
Calculate the greatest common divisor of 21 and 56.
7
What is the highest common factor of 1020 and 24?
12
Calculate the greatest common divisor of 18 and 1062.
18
Calculate the highest common factor of 3619 and 77.
77
Calculate the greatest common factor of 6321 and 588.
147
Calculate the highest common divisor of 32 and 8.
8
What is the greatest common divisor of 832 and 128?
64
Calculate the greatest common divisor of 404 and 9090.
202
Calculate the greatest common factor of 302 and 4077.
151
What is the highest common factor of 429 and 117?
39
What is the greatest common divisor of 143 and 1089?
11
Calculate the greatest common factor of 139 and 1807.
139
Calculate the highest common factor of 884 and 68.
68
What is the highest common factor of 442 and 34?
34
What is the greatest common divisor of 585 and 480?
15
What is the highest common divisor of 35881 and 53?
53
What is the highest common divisor of 32 and 23?
1
What is the greatest common factor of 8 and 664?
8
Calculate the greatest common factor of 68 and 272.
68
Calculate the highest common divisor of 88 and 121.
11
What is the highest common factor of 136 and 1666?
34
Calculate the greatest common factor of 43 and 301.
43
What is the greatest common divisor of 855 and 30?
15
What is the highest common divisor of 513 and 38?
19
Calculate the greatest common factor of 69 and 736.
23
Calculate the highest common divisor of 8 and 76.
4
Calculate the highest common divisor of 480 and 576.
96
Calculate the highest common factor of 54 and 5562.
54
Calculate the greatest common factor of 18 and 246.
6
What is the greatest common factor of 231 and 11814?
33
Calculate the highest common factor of 5546 and 708.
118
Calculate the greatest common divisor of 55 and 4664.
11
What is the greatest common divisor of 9727 and 71?
71
What is the greatest common divisor of 47 and 1?
1
What is the highest common divisor of 714 and 9758?
238
Calculate the highest common factor of 54 and 2958.
6
Calculate the highest common divisor of 308 and 56.
28
Calculate the highest common factor of 20 and 3340.
20
What is the greatest common divisor of 6 and 39?
3
What is the highest common divisor of 14 and 20342?
14
Calculate the greatest common factor of 364 and 780.
52
What is the greatest common divisor of 12504 and 24?
24
What is the highest common divisor of 8 and 28?
4
Calculate the greatest common divisor of 23 and 207.
23
What is the greatest common divisor of 390 and 15?
15
Calculate the greatest common factor of 3 and 1101.
3
What is the highest common divisor of 207 and 23?
23
What is the greatest common factor of 243 and 12?
3
What is the highest common factor of 348 and 8526?
174
Calculate the greatest common factor of 1254 and 858.
66
What is the greatest common divisor of 32 and 160?
32
What is the greatest common factor of 23082 and 12?
6
Calculate the highest common factor of 28 and 4.
4
Calculate the highest common divisor of 2450 and 182.
14
What is the greatest common factor of 936 and 144?
72
What is the highest common divisor of 477 and 117?
9
Calculate the greatest common divisor of 600 and 1248.
24
What is the highest common factor of 124 and 2542?
62
What is the greatest common divisor of 3131 and 93?
31
Calculate the greatest common divisor of 2262 and 29.
29
Calculate the greatest common factor of 560 and 252.
28
What is the greatest common divisor of 234 and 216?
18
What is the highest common divisor of 675 and 72?
9
What is the greatest common divisor of 6960 and 420?
60
Calculate the greatest common divisor of 6275 and 1004.
251
Calculate the highest common factor of 2189 and 44.
11
Calculate the greatest common divisor of 98 and 2989.
49
What is the greatest common divisor of 16154 and 82?
82
Calculate the greatest common factor of 17 and 5.
1
What is the greatest common divisor of 33 and 1100?
11
Calculate the highest common divisor of 2954 and 56.
14
Calculate the highest common divisor of 7696 and 333.
37
Calculate the greatest common divisor of 87 and 2320.
29
What is the greatest common factor of 72 and 56?
8
Calculate the greatest common divisor of 10574 and 170.
34
Calculate the highest common divisor of 161 and 69.
23
What is the greatest common factor of 39748 and 38?
38
Calculate the greatest common divisor of 1690 and 260.
130
Calculate the highest common factor of 1253 and 21.
7
Calculate the greatest common divisor of 12104 and 272.
136
What is the highest common divisor of 1782 and 9?
9
What is the greatest common factor of 24 and 1704?
24
What is the highest common factor of 424 and 689?
53
What is the greatest common factor of 42 and 1554?
42
What is the greatest common factor of 4 and 41?
1
What is the highest common factor of 1474 and 308?
22
Calculate the greatest common divisor of 2265 and 105.
15
What is the highest common divisor of 505 and 101?
101
Calculate the highest common factor of 30 and 645.
15
What is the greatest common factor of 17 and 527?
17
What is the highest common divisor of 1216 and 80?
16
What is the highest common divisor of 1053 and 6201?
117
Calculate the highest common divisor of 1767 and 837.
93
What is the greatest common divisor of 123 and 39?
3
Calculate the highest common factor of 370 and 310.
10
Calculate the highest common factor of 27342 and 868.
434
Calculate the greatest common divisor of 3901 and 83.
83
Calculate the highest common divisor of 2772 and 2618.
154
What is the greatest common factor of 150 and 9525?
75
Calculate the highest common factor of 223 and 26983.
223
What is the highest common divisor of 10 and 410?
10
What is the greatest common factor of 22 and 121?
11
Calculate the greatest common factor of 32 and 912.
16
What is the highest common divisor of 1526 and 327?
109
Calculate the greatest common divisor of 2850 and 675.
75
Calculate the highest common divisor of 252 and 196.
28
Calculate the highest common divisor of 240 and 60.
60
Calculate the greatest common divisor of 7 and 133.
7
Calculate the highest common divisor of 10192 and 1040.
208
What is the highest common factor of 2328 and 24?
24
Calculate the greatest 